 5*k, 2*x + 5*k - 39 = 116. Let p = 0 + 2. Suppose 45 = -p*s + 5*s. Calculate the greatest common divisor of x and s.
15
Suppose 4*s + 7 - 36 = 3*y, -3*y - 19 = -2*s. Let j be 18 + -3 + 0 + 0. Calculate the greatest common factor of s and j.
5
Let s(u) = -4*u - 4. Let x be s(-6). Suppose 22*m = 24*m - 440. What is the greatest common factor of m and x?
20
Suppose -3*c - 72 = -0*i - 3*i, 53 = -2*c - 3*i. Let j be 178/10 - 5/c. Let a be j/(-2)*(5 - 10). Calculate the greatest common factor of 5 and a.
5
Let h = -160 + 271. Let u = h + -63. Let n = 93 - 87. Calculate the greatest common factor of n and u.
6
Let d(q) = 14*q**2 - q + 1. Let h be d(2). Suppose 5 = -3*x + 4*s, 4*x + 2*s + s = 35. What is the highest common factor of x and h?
5
Let u be 8*((-45)/(-12) + 0). Calculate the highest common divisor of 15 and u.
15
Suppose -3*c + 26 = 17. Let u(y) = y**3 + 7*y**2 + 2*y - 3. Let i be u(-6). What is the greatest common factor of i and c?
3
Let w be (8*(-4)/6)/(1/(-3)). What is the greatest common factor of w and 8?
8
Let o(y) = -y**3 - 6*y**2 - 5*y + 2. Let i be o(-5). Suppose 208 = -i*d + 4*d. Suppose -a + d = a. What is the highest common factor of a and 13?
13
Let t = 347 + -122. What is the highest common divisor of t and 9?
9
Let t be 1/(4/(-64)*-4). Calculate the greatest common divisor of 12 and t.
4
Suppose u - 218 = -38. Calculate the greatest common divisor of 72 and u.
36
Let f be (24/(-14))/(57/(-266)). What is the highest common factor of f and 2?
2
Let t(s) = 28*s - 12. Let y be t(3). What is the greatest common factor of y and 9?
9
Suppose -3*v = 5*o + v - 13, -22 = -2*o + 4*v. Suppose 2*m = -o*n - m + 69, m + 21 = 2*n. What is the greatest common factor of n and 12?
12
Let w(c) = 5*c**3 - 3*c**2 + 2*c + 3. Let h be w(3). What is the greatest common divisor of h and 13?
13
Let k = 68 - 35. Let n = k - -127. Let b(q) = -q**2 - 10*q - 4. Let f be b(-6). What is the greatest common factor of n and f?
20
Let j(z) = z**3 - 4*z**2 + 2*z + 3. Let x be j(4). What is the greatest common factor of x and 1?
1
Let k be (2/(-4))/(1/(-10)). Suppose 5 = c + 3*y, 0 = -2*c - 5*y + 5 + 5. What is the greatest common factor of c and k?
5
Suppose 3*x = 8*x - 225. Calculate the highest common factor of 5 and x.
5
Let v(h) = 15*h**2 - 3*h. Let r(b) = -119*b**2 + 25*b. Let u(m) = 6*r(m) + 51*v(m). Let f be u(2). What is the greatest common divisor of f and 18?
18
Let w be 2/(-6)*(1 + 8). Let i be ((-18)/3)/w + 5. What is the highest common divisor of i and 7?
7
Suppose 2*i = -4*y - 716, -4*y + i = -19 + 747. Let v(d) = -4*d**3 + d**2 - 8*d + 6. Let w be v(3). Let a = w - y. What is the highest common factor of a and 8?
8
Let p be 2/4 + 100/8. Let s = 9 + p. What is the highest common divisor of s and 22?
22
Suppose 0 = 2*i + i. Suppose -8*p + 3*p + 25 = i. Suppose 5*d - 208 = 4*s, 0*s + 162 = 4*d - s. Calculate the greatest common divisor of p and d.
5
Let m = 9 + 22. Let a be (-20)/(-170) - (-174)/(-34). Let t = m + a. Calculate the highest common divisor of t and 13.
13
Suppose 5*s - 50 - 40 = 0. Let g be (-7)/(-3) + 12/s. Suppose p - 144 = -g*p. What is the highest common factor of 12 and p?
12
Let b = -1 + 28. What is the greatest common factor of b and 18?
9
Let g(q) = -2*q**3 - 4*q**2 + 2*q + 2. Let a be g(-3). Let w(o) = 4*o**3 - 4*o**2 - 2. Let y be w(3). Calculate the highest common factor of a and y.
14
Suppose 0 = -2*v + 8 + 6. Let n(f) = -2*f**2 + 8*f - 3. Let m be n(v). Let s be (8/10)/((-2)/m). Calculate the highest common divisor of s and 27.
9
Let q(p) = p**2 - 8*p - 7. Let s be q(9). Calculate the greatest common divisor of 32 and s.
2
Let c(w) = w**3 + 7*w**2 - 5*w + 8. Let j be c(-7). Suppose 2*o - 37 - j = 0. Let s = 6 - 1. What is the highest common factor of s and o?
5
Let w be (105/14)/5*(-32)/(-2). What is the highest common factor of w and 120?
24
Let p be ((-70)/(-20))/(2/84). What is the greatest common divisor of p and 21?
21
Let h = 26 + 18. Let p = -12 - -14. Suppose -p*w - 11 + 31 = 4*s, 4*s = -4*w + h. What is the greatest common divisor of w and 132?
12
Let w = 225 + -89. Let o(q) = 0*q + 3 + 6*q - 4*q. Let s be o(7). What is the greatest common divisor of s and w?
17
Suppose 4*a = 3*p + 7, p - 4 = -1. Suppose a*z - z - 90 = 0. Let m be ((-54)/45)/(2/(-10)). Calculate the greatest common factor of m and z.
6
Suppose 3*i = 141 - 81. What is the greatest common factor of i and 4?
4
Let n(b) = -b**3 - 6*b**2 - 2*b + 8. Let s be n(-6). Let o = 18 + -31. Let m = 23 + o. Calculate the greatest common divisor of s and m.
10
Let g(f) = f + 7. Let x be g(-5). Let l(a) = a**2 - 1. Let w be l(x). Let z be (-8 + w)*(-12)/5. Calculate the greatest common divisor of 48 and z.
12
Suppose -d + 4 = 4*z, d - 4*z + 16 = 5*d. Let k = -32 + 42. Calculate the greatest common divisor of k and d.
2
Let d be (3/(-1) - -5)/(-2). Let h be (d/(-3))/((-4)/(-168)). Calculate the greatest common divisor of h and 56.
14
Let f(o) be the third derivative of o**6/120 - o**5/60 + o**4/24 + 65*o**3/6 - 5*o**2. Let b be f(0). Calculate the greatest common factor of b and 13.
13
Let c be 0 - 28*(1 + -2). Calculate the highest common divisor of c and 4.
4
Suppose -2*k + 0*k = -2. Let g = -2 + k. Let q(x) = -59*x**3 + 2*x**2 + 2*x + 1. Let u be q(g). What is the highest common divisor of 24 and u?
12
Suppose 9 = 3*v + 3. Let u = v - -7. Suppose u = -3*w + 3*d, d = -w + 5 + 2. What is the highest common factor of 10 and w?
2
Suppose 2*v + 2*v - 1000 = 0. Suppose -1 = -g, -w - 75 = 3*w + g. Let x = v + w. Calculate the greatest common divisor of x and 21.
21
Suppose -5*s - 43 + 238 = 0. Suppose 4*o - s = 33. What is the greatest common factor of 126 and o?
18
Suppose -8 = -5*o - 4*h, 3*o + 10 = 4*h + 2. Suppose -j + 1 + 3 = o. Calculate the highest common factor of j and 4.
4
Let w be (4/(-10))/(17/(-425)). Suppose 4*g = g + 2*p + 20, 0 = 4*g - 3*p - 25. Calculate the greatest common divisor of g and w.
10
Let s be (-2)/(-5) - (-816)/10. Let m be s/4 + 1/2. What is the highest common factor of 7 and m?
7
Let x = 7 + -5. Let m(j) = x*j + 6*j - 3*j + 3 - 4. Let q be m(2). What is the greatest common factor of q and 3?
3
Let f be (-14)/(-49) - (-194)/7. What is the greatest common factor of f and 4?
4
Suppose -2*z - 3*k - 6 = 0, -2*k + 4 = -4*z + 24. What is the greatest common factor of 6 and z?
3
Let b(p) = -5*p + 38. Let l be b(-21). Calculate the highest common factor of 13 and l.
13
Let g = -14 - -20. Let p be 219/g - (-1)/(-2). What is the greatest common divisor of p and 9?
9
Let s be 2/(-4)*-1*12. Suppose -3*r + s*r = 108. What is the highest common divisor of r and 9?
9
Let w = -14 + 26. Suppose 3*f - 9 = 3*i - 0*i, -i = -2. Suppose 2*a + a - 21 = -3*l, f*a + 13 = -l. Calculate the greatest common factor of w and l.
12
Let o(g) = g**2 - 4*g - 8. Let h be o(6). Calculate the greatest common divisor of 16 and h.
4
Let a(d) = -15*d + 3. Let x be a(-1). What is the greatest common factor of 72 and x?
18
Let b be (-3)/(27/(-6))*-3. Let t be (b/4)/((-3)/216). What is the greatest common divisor of t and 4?
4
Let g = 7 - 2. Let j(z) = z**3 + 9*z**2 + 9*z + 10. Suppose 4 = b + 12. Let s be j(b). What is the highest common divisor of g and s?
1
Suppose -3 = j + 4*f, 3*f + 8 = -f. Suppose -2*a + 4*t = 12, a - j*t + 11 = 2. Let h be 424/14 + a/14. What is the greatest common factor of h and 12?
6
Suppose 5*t - 104 = -34. Let l be (-60)/(-9)*6/4. Let o = t - l. What is the highest common factor of o and 24?
4
Let x be ((1 - 2) + 5)*-2. Let n(j) = -j - 3. Let h be n(x). Suppose 0 = k - h*k + 20. What is the highest common divisor of k and 15?
5
Suppose -5*g = -2*g - 9. Let k = 13 - g. What is the highest common factor of k and 70?
10
Suppose 3*c - 9 = 27. What is the greatest common factor of c and 12?
12
Let g = -5 + 8. Suppose -252 = g*d - 0*d. Let z be (-5)/(20/3)*d. Calculate the highest common divisor of z and 7.
7
Let a(x) = 5*x**3 - x**2 + 2*x - 1. Let v be a(1). Suppose -2*p + 6*p = 20, 4*h = -p + 9. What is the highest common factor of h and v?
1
Suppose 0*s - 237 = 3*s. Let w = 341 + -497. Let g = s - w. Calculate the highest common factor of g and 11.
11
Let r be (-16)/(-12)*42/4. What is the highest common divisor of 14 and r?
14
Let d(t) = 6*t**2 - 